et a(q) = 6*q**3 - 7*q**2 + 2*q + 3. Let z(s) = -5*s**3 + 6*s**2 - 2*s - 2. Let u(c) = -4*a(c) - 5*z(c). Determine u(2).
2
Let v(q) = q**2 + 2. Suppose -14*y = 34 - 6. What is v(y)?
6
Let f(d) = -2*d**2 - 6*d - 3. Let v(a) = -2*a**2 - 7*a - 3. Let o(p) = 3*f(p) - 2*v(p). What is o(-2)?
-3
Let w(i) = i**3 + 3*i**2 + 3*i + 1. Let u(a) = 2*a**3 + a**2 + 2*a + 1. Let c be u(-1). Give w(c).
-1
Let b(m) = 2 + 3 + 3*m**3 - 2*m**3 + 0. Suppose 0 = -5*r + r. Calculate b(r).
5
Let n(x) = 4*x**2 + 2 + x**2 - 4*x - x**2 - 5*x**2. Suppose 4*o - 5*y = -41, 0 = -4*o - 2*y - 6 - 0. Give n(o).
2
Let p = -7 + 13. Let j(l) = l + l - p*l - 1. Calculate j(-1).
3
Let d(p) be the first derivative of p**3/3 - 3*p**2 + 2*p - 3. Calculate d(4).
-6
Suppose -2*p + 4 = -0. Let d(b) = 4*b + 1. Let l be d(p). Let x(k) = 3 - 4 - 10*k + 9 + l*k. Calculate x(4).
4
Let w(n) = -n**3 - n - 2. Let c be (-15)/9*3/(-1). Suppose 24 = -c*v + 5*s - 11, -v = 4*s - 18. What is w(v)?
8
Suppose v = -4*v + 4*f - 37, 0 = -f + 3. Let d(s) be the third derivative of -s**2 + 0*s + 0 + 1/15*s**5 + 1/120*s**6 + 1/6*s**3 - 1/6*s**4. Calculate d(v).
-4
Suppose 5*j + 6 = -2*b, -b = -3*j + 1 - 9. Let y(d) = -d**3 - d**2 + d - 1. Let s(h) = -2*h**3 - 4*h**2 + h. Let a(g) = s(g) - 3*y(g). Determine a(b).
3
Suppose 4*q - 16 - 56 = 0. Suppose 0 = -2*y - 0*y + q. Suppose -y*i - 6 = -6*i. Let a(l) = 2*l**2 + l - 1. Calculate a(i).
5
Suppose 5*z - 80 = -0*z. Let s = z + -14. Let r(p) = -3*p**2 + 3*p. Determine r(s).
-6
Suppose r - 3*r + 10 = 2*w, -5*r = -2*w - 11. Let l(b) be the second derivative of 1/12*b**4 + b - b**2 + 0 - 1/20*b**5 + 2/3*b**3. What is l(r)?
-8
Suppose 5*t + 6 = 3*t. Let s(y) = -y**3 - 2*y**2 + 3*y + 2. Determine s(t).
2
Let u(w) be the third derivative of -w**6/120 + w**5/30 - w**4/12 + w**3/3 + 30*w**2. Give u(2).
-2
Let w(j) be the first derivative of 5/2*j**2 - 1/3*j**3 + 1 - 6*j. Calculate w(4).
-2
Let w(f) = -f + 5. Suppose 4*q - 8*q + 20 = 0. What is w(q)?
0
Let x = 3 - 1. Let d(j) = 1 + 0 + 0*j**2 - j**x. Determine d(0).
1
Let g(p) = -5*p**2 + 3*p - 3. Let a(t) = -9*t**2 + 7*t - 5. Let r(u) = 4*a(u) - 7*g(u). Calculate r(6).
7
Let f = -6 - -11. Let a(w) = w - 10. Let t be a(f). Let l(v) = -v**2 - 4*v + 5. What is l(t)?
0
Let o(w) = -w**3 + 13*w**2 - 2*w + 12. Let j(r) = -r**2 - 1. Let c(s) = 22*j(s) + 2*o(s). Calculate c(2).
-6
Let u(x) = x**3 - 6*x**2 + 6*x - 1. Let a = 7 - 0. Suppose a*s - 5*z = 2*s + 40, 4*s - 5*z = 36. Calculate u(s).
-9
Suppose -2*n = 0, 0 = p + n - 6*n - 12. Let u be ((-4)/3)/((-8)/p). Let a(v) = 3*v**2 + 4. Let l(c) = c**2 + 2. Let y(b) = -2*a(b) + 5*l(b). Calculate y(u).
-2
Let s be 1 + 1 - (0 + 2). Suppose s = -2*l - 2*k - 8, -2*k - 2 = -0. Let b be (-2 - l) + -8 + 3. Let z(t) = t**2 + 3*t - 1. What is z(b)?
3
Let k be 5*(-15)/25*1. Let w(i) = 2*i - 4. Calculate w(k).
-10
Let j(a) = a**3 - a**2 - a + 1. Let z(m) = -3*m**3 - 3*m**2 + 5*m + 4. Let t(o) = 4*j(o) + z(o). Give t(7).
15
Suppose 5*d = s + 5, 0 = -s - 0*s - 2*d + 30. Suppose -3*n + 7*n + s = 0. Let o(c) = c**3 + 5*c**2 - c - 7. Calculate o(n).
-2
Let d(n) = 3*n - 6. Let l(f) = -f**3 + 6*f**2 + 9*f - 2. Let b be l(7). Let j = b + -6. Calculate d(j).
12
Suppose -2*v - 16 = 2*v. Let b = -2 - v. Let a(s) = 5 - 4*s**2 - 2 + 3*s**2 - b. What is a(2)?
-3
Let j(p) = -8*p**2 - 9*p**2 + 15*p**2 - 2*p - p**3 + 1. Let d(y) = -y - 1. Let z be d(0). Let f be (-5)/2 + z/(-2). Determine j(f).
5
Suppose -16 = -0*l - 2*l. Let b = -3 + l. Suppose -2*k + 16 = 2*o, b*o - 10 = -2*k + 7*k. Let q(d) = 2*d. Calculate q(k).
6
Let v(g) = -g**3 + g**2 - g + 1. Let t be v(1). Suppose -10 = -4*c + 2. Let a(p) = -p**2 + 3 - c - p**3 + 2. Calculate a(t).
2
Let f(u) = u**2 + 4*u - 1. Let x = -1 + -5. Give f(x).
11
Suppose -4*s - 14*s = -36. Let i(r) be the first derivative of 4*r + 2*r**2 - 1/3*r**3 - s. Give i(5).
-1
Let r(d) = 4*d + 5*d**2 - 5 + 0 + 0 + d**3. What is r(-4)?
-5
Let u(c) be the first derivative of -3*c**2/2 - 6*c - 6. Let o(l) = -l - 1. Let d(g) = -2*o(g) + u(g). Let a = -7 + 12. Give d(a).
-9
Let f(k) = -5*k**2 - 9*k. Let h(y) = 4*y**2 + 8*y. Let u = 7 + -6. Let l(z) = 7*z**2 - z. Let j be l(u). Let o(q) = j*h(q) + 5*f(q). Calculate o(4).
-4
Let r(a) be the second derivative of -a**3/3 - 15*a. Let q be (10/4)/(2/(-4)). Give r(q).
10
Suppose 0 = 5*m - 2*l - 32, 4*m = 2*m + 4*l + 16. Let r(j) be the second derivative of -1/20*j**5 - 3/2*j**2 - j**3 + 0 + 7/12*j**4 - 2*j. What is r(m)?
-3
Let l(d) = 5*d**2 - 10*d + 6. Let k(f) = -3*f**2 + 5*f - 3. Let o(a) = -7*k(a) - 4*l(a). Let w(v) = -3*v. Let q be w(2). Calculate o(q).
3
Let z(v) = -v**2 - 5*v. Let x = -6 + 0. Determine z(x).
-6
Let t(f) be the second derivative of f**3/3 - 2*f**2 + 8*f. Give t(-6).
-16
Suppose m + n = -4*m - 18, 20 = -4*m + 2*n. Let b = 1 + m. Let l(a) = -a**2 + a. Let x(t) = -5*t - 1. Let s(c) = l(c) + x(c). Determine s(b).
2
Let f be (15 + -15)/(0/1 - -1). Let l(u) be the third derivative of 0 - 1/120*u**6 + 1/2*u**3 + 2*u**2 + f*u + 1/60*u**5 - 1/12*u**4. Determine l(2).
-5
Let c(o) = -5*o + 27. Let q be c(5). Let y(u) be the third derivative of 0 + 1/2*u**3 + 0*u + 1/24*u**4 - 3*u**q. Give y(-6).
-3
Let d(y) = -5*y + 12. Let t(b) = b - 3. Let g(h) = h**2 + 4*h - 2. Let c be g(-4). Let n = 4 + c. Let u(s) = n*d(s) + 9*t(s). Calculate u(-2).
-1
Let a(h) be the second derivative of -h**4/12 + 5*h**3/6 - 5*h**2/2 + 12*h. Determine a(6).
-11
Suppose -3*t + 16 = 4. Let s(f) = t*f**3 - 20*f - 3*f**3 + 15*f - 3*f**2. Let q = 10 - 6. What is s(q)?
-4
Let l(r) = -3. Let j(g) = -g - 6. Let b(p) = 3*j(p) - 7*l(p). Give b(2).
-3
Suppose -4*k = 12, 0 = 2*w + 3*k + 10 - 5. Let f(u) be the second derivative of 0*u**w - 1/10*u**5 - 1/12*u**4 + 0 - 2*u + 0*u**3. Calculate f(-2).
12
Let o = -2 - -2. Let d(z) = 2*z - 3. Let x(f) = 5*f - 8. Let q(w) = 8*d(w) - 3*x(w). Calculate q(o).
0
Let i be ((-6)/(-21))/(2/28). Let c(m) = -3*m + 2. What is c(i)?
-10
Suppose -3 = -4*b + 5. Let g(c) = 4*c**2 + 1 - 2*c**b + c**2 + 2*c**3 + c. What is g(-2)?
-5
Let n be ((-27)/18)/(2/4). Let r(l) = 4*l + 6. Suppose d - 7 = -0*d. Let c(p) = 9*p + 13. Let g(k) = d*r(k) - 3*c(k). Determine g(n).
0
Let k be ((-2)/4)/((-5)/30). Suppose -3*u = -6*u - k*g + 3, -g = 0. Let r(n) = 3*n**3 + n**2 - n + 1. Give r(u).
4
Let n(c) = -c**2 + 3. Let x(z) = 4*z**2 + z - 8. Let t(m) = -7*n(m) - 2*x(m). Let l(f) be the first derivative of t(f). What is l(2)?
-6
Let c(m) be the third derivative of -m**7/2520 + m**6/720 + m**5/40 + m**4/6 - 7*m**2. Let l(n) be the second derivative of c(n). Determine l(3).
-3
Let m(w) = w**2 + w. Let k be 88/14 - 4/14. Let a(y) = k - 4 - y - 5 + 0. Let z be a(-5). Calculate m(z).
6
Let a(i) = -1 + 35*i**2 - i - 16*i**2 - 18*i**2. Determine a(2).
1
Let v(p) = p**2 - 4*p. Let d be v(4). Suppose -r + 5 = 0, -4*k + 0*k + 2*r - 26 = d. Let b be (4 - 0)/(k/6). Let y(q) = -q - 11. Calculate y(b).
-5
Let z(k) be the first derivative of k**7/840 + k**6/90 + k**5/120 + k**4/12 - 5*k**3/3 - 1. Let r(o) be the third derivative of z(o). Determine r(-4).
-2
Let i(u) = -4*u - 24. Let v be i(-7). Let s(d) be the second derivative of -1/20*d**5 - 1/6*d**3 + d**2 - 1/6*d**v + 0 + 2*d. Calculate s(-2).
4
Let s(n) be the second derivative of n**5/20 + n**4/12 + n**3/6 - 11*n**2/2 - 5*n. Give s(0).
-11
Let c = 1 - -2. Let u(p) be the third derivative of -p**4/24 + p**3/6 + 2*p**2. What is u(c)?
-2
Let s(d) = d**2 - 6*d + 1. Suppose 2*l = 6*l. Suppose 5*t - 2 - 23 = l. Determine s(t).
-4
Let i(o) = 4 - 5 + 3 + 7*o - 3. What is i(1)?
6
Let p(w) = 6*w**3 - w - 1. Let z be p(-1). Let k = z - -8. Let j(a) = -k*a**2 + 5*a - a**3 - 5*a**2 + 5*a**3 - 3*a**3 + 3. Give j(6).
-3
Let g(o) = o**2 - 3*o - 3. Let u be g(4). Let t(c) = 8*c**3 - 6*c + 5*c - c**2 + 2*c**2. Determine t(u).
8
Let h = 0 + 2. Let f(u) = -u**2 + 2 - 2 - u**3 + h*u**3 - u. Let d = -4 - -3. What is f(d)?
-1
Let c be (-4 - -14)*(-4)/(-16). Let v(i) be the second derivative of -1/6*i**3 + 0 - 2*i - c*i**2. Calculate v(-4).
-1
Let m(t) = -12*t**3. Let j = 4 - 4. Let o be (j + (-1)/(-1))*1. Determine m(o).
-12
Let a(g) = -g**3 + 4*g**2 + 6*g + 3. Let k be (-38)/(-7) + (-9)/21. Calculate a(k).
8
Let h(u) = -91 + 90 + 0*u + u. What is h(2)?
1
Let u(j) be the third derivative of j**4/24 - 5*j**3/6 - 10*j**2. Determine u(0).
-